{"id":321,"date":"2016-11-02T15:30:33","date_gmt":"2016-11-02T15:30:33","guid":{"rendered":"http:\/\/asahi-bremen.de\/?page_id=321"},"modified":"2025-05-07T13:58:05","modified_gmt":"2025-05-07T13:58:05","slug":"home-1","status":"publish","type":"page","link":"http:\/\/asahi-bremen.de\/","title":{"rendered":"Startseite"},"content":{"rendered":"<p>[vc_row full_width=&#8220;stretch_row_content_no_spaces&#8220;][vc_column][rev_slider_vc alias=&#8220;homeslider1&#8243;][\/vc_column][\/vc_row][vc_row full_width=&#8220;stretch_row&#8220; css=&#8220;.vc_custom_1550579723828{padding-top: 7em !important;padding-bottom: 9em !important;background-image: url(http:\/\/asahi-bremen.de\/wp-content\/uploads\/2019\/02\/markus_white2.png?id=2546) !important;background-position: center !important;background-repeat: no-repeat !important;background-size: contain !important;}&#8220;][vc_column css_animation=&#8220;slideInLeft&#8220; width=&#8220;5\/12&#8243;][vc_column_text css=&#8220;.vc_custom_1550579510439{margin-bottom: 3em !important;}&#8220;][\/vc_column_text][vc_column_text]<\/p>\n<blockquote>\n<p>Herzlich Willkommen bei der erfolgreichsten Bremer Judoschule seit 1970.<br \/>\nSeit \u00fcber 40 Jahren werden im JC ASAHI die Prinzipien des Judosports gelehrt und weitervermittelt.<a href=\"#\">Marcus Utzat,Chef-Trainer<\/a><\/p>\n<\/blockquote>\n<p>[\/vc_column_text]<div class=\"sc_item_button sc_button_wrap\"><a href=\"http:\/\/asahi-bremen.de\/?page_id=308\"\n\t id=\"sc_button_1811062744\" \n\tclass=\"sc_button sc_button_default  vc_custom_1553000654050 sc_button_size_normal sc_button_icon_left\"\n\t\t><span class=\"sc_button_text\"><span class=\"sc_button_title\">Mehr \u00fcber den JC ASAHI<\/span><\/span><!-- \/.sc_button_text --><\/a><!-- \/.sc_button --><\/div><!-- \/.sc_item_button -->[\/vc_column][vc_column width=&#8220;1\/4&#8243;][\/vc_column][vc_column width=&#8220;1\/3&#8243;][vc_btn title=&#8220;News &amp; aktuelle Termine&#8220; color=&#8220;warning&#8220; link=&#8220;url:http%3A%2F%2Fasahi-bremen.de%2F%3Fpage_id%3D2613|title:News||&#8220;][vc_column_text scheme=&#8220;dark&#8220;]<\/p>\n<h6 class=\"trx_addons_no_margins\" style=\"margin-bottom: 0.5em;\">Ab 03. M\u00e4rz 2025 neue<\/h6>\n<h4 class=\"trx_addons_no_margins\" style=\"margin-bottom: 0.95em;\"><a href=\"https:\/\/www.contact-gym.de\/\">TRAININGSZEITEN<\/a><\/h4>\n<h6>Montag und Mittwoch:<\/h6>\n<p><strong>Minis 15.30 &#8211; 16.30<br \/>\nKids: 16.30 &#8211; 17.30 <\/strong><br \/>\n<strong>Teens: 17.30 &#8211; 18.30 <\/strong><br \/>\n<strong>Erwachsene 18.30 &#8211; 20.00<\/strong><\/p>\n<h6>Freitag:<\/h6>\n<p><span style=\"color: #ffffff;\"><strong>Kids: 16.30 &#8211; 17:30<br \/>\n<\/strong><\/span><span style=\"color: #ffffff;\"><strong>Teens 17.30 &#8211; 18.30<br \/>\n<\/strong><\/span><strong>Erwachsene 18.30 &#8211; 20.00<\/strong>[\/vc_column_text][vc_column_text scheme=&#8220;dark&#8220;]<\/p>\n<h6 class=\"trx_addons_no_margins\" style=\"margin-bottom: 0.5em;\">ab 4 Jahren<\/h6>\n<h2 class=\"trx_addons_no_margins\" style=\"margin-bottom: 0.95em;\">KINDER JUDO<\/h2>\n<p style=\"text-align: left; padding-right: 25%;\"><span style=\"color: #ffffff;\">Die intensive Arbeit mit Kindern ist ein elementarer Bestandteil des JC ASAHI. Sie zu st\u00e4rken, zu motivieren um mit Freude und Begeisterung diesen Sport auszu\u00fcben ist f\u00fcr uns oberste Maxime.<\/span><\/p>\n<p>[\/vc_column_text]<div class=\"sc_item_button sc_button_wrap\"><a href=\"http:\/\/asahi-bremen.de\/?cpt_services=kinder-judo\"\n\t id=\"sc_button_132911473\" \n\tclass=\"sc_button sc_button_default  vc_custom_1552303953194 sc_button_size_normal sc_button_icon_left\"\n\t\t><span class=\"sc_button_text\"><span class=\"sc_button_title\">Mehr zum Kinder-Judo<\/span><\/span><!-- \/.sc_button_text --><\/a><!-- \/.sc_button --><\/div><!-- \/.sc_item_button -->[\/vc_column][\/vc_row][vc_row full_width=&#8220;stretch_row&#8220; css=&#8220;.vc_custom_1550582087903{padding-top: 5.6em !important;padding-bottom: 8.25em !important;background-image: url(http:\/\/asahi-bremen.de\/wp-content\/uploads\/2019\/02\/rot.png?id=2557) !important;background-position: center !important;background-repeat: no-repeat !important;background-size: cover !important;}&#8220;][vc_column][vc_column_text]<\/p>\n<h6 style=\"text-align: center; margin-bottom: 0.7em;\"><span style=\"color: #ffffff;\">Unsere Erfolge in Zahlen<\/span><\/h6>\n<p style=\"text-align: center;\"><em>Ein Auszug der Titel und Erfolge des JC Asahi ab 1993<\/em><\/p>\n<p>[\/vc_column_text]<div id=\"sc_skills_518937547\"\n\t\tclass=\"sc_skills sc_skills_counter  vc_custom_1552304730441\"\n\t\t\t\tdata-type=\"counter\"\n\t\t><div class=\"sc_skills_columns sc_item_columns trx_addons_columns_wrap columns_padding_bottom\"><div class=\"sc_skills_column trx_addons_column-1_3\"><div class=\"sc_skills_item_wrap\"><div class=\"sc_skills_item\"><div class=\"sc_skills_total\" data-start=\"0\" data-stop=\"1\" data-step=\"1\" data-max=\"100\" data-speed=\"27\" data-duration=\"27\" data-ed=\"\">0<\/div><\/div><div class=\"sc_skills_item_title\"> 1 - Weltmeistertitel<\/div><\/div><\/div><div class=\"sc_skills_column trx_addons_column-1_3\"><div class=\"sc_skills_item_wrap\"><div class=\"sc_skills_item\"><div class=\"sc_skills_total\" data-start=\"0\" data-stop=\"2\" data-step=\"1\" data-max=\"100\" data-speed=\"38\" data-duration=\"76\" data-ed=\"\">0<\/div><\/div><div class=\"sc_skills_item_title\">2 - Vize Weltmeistertitel<\/div><\/div><\/div><div class=\"sc_skills_column trx_addons_column-1_3\"><div class=\"sc_skills_item_wrap\"><div class=\"sc_skills_item\"><div class=\"sc_skills_total\" data-start=\"0\" data-stop=\"1\" data-step=\"1\" data-max=\"100\" data-speed=\"35\" data-duration=\"35\" data-ed=\"\">0<\/div><\/div><div class=\"sc_skills_item_title\">1 - Europameistertitel<\/div><\/div><\/div><div class=\"sc_skills_column trx_addons_column-1_3\"><div class=\"sc_skills_item_wrap\"><div class=\"sc_skills_item\"><div class=\"sc_skills_total\" data-start=\"0\" data-stop=\"8\" data-step=\"1\" data-max=\"100\" data-speed=\"22\" data-duration=\"176\" data-ed=\"\">0<\/div><\/div><div class=\"sc_skills_item_title\">8 - Titel Deutscher Meister<\/div><\/div><\/div><div class=\"sc_skills_column trx_addons_column-1_3\"><div class=\"sc_skills_item_wrap\"><div class=\"sc_skills_item\"><div class=\"sc_skills_total\" data-start=\"0\" data-stop=\"100\" data-step=\"1\" data-max=\"100\" data-speed=\"14\" data-duration=\"1400\" data-ed=\"\">0<\/div><\/div><div class=\"sc_skills_item_title\">\u00dcber 100 - Titel Bremer Meister<\/div><\/div><\/div><div class=\"sc_skills_column trx_addons_column-1_3\"><div class=\"sc_skills_item_wrap\"><div class=\"sc_skills_item\"><div class=\"sc_skills_total\" data-start=\"0\" data-stop=\"34\" data-step=\"1\" data-max=\"100\" data-speed=\"23\" data-duration=\"782\" data-ed=\"\">0<\/div><\/div><div class=\"sc_skills_item_title\">34 - Titel Norddeutscher Meister<\/div><\/div><\/div><\/div><\/div>[\/vc_column][\/vc_row][vc_row][vc_column][vc_gallery interval=&#8220;3&#8243; images=&#8220;2547,2544,2521,2535,2532,2578,2520&#8243; img_size=&#8220;full&#8220;][\/vc_column][\/vc_row]<\/p>\n","protected":false},"excerpt":{"rendered":"<p>[vc_row full_width=&#8220;stretch_row_content_no_spaces&#8220;][vc_column][rev_slider_vc alias=&#8220;homeslider1&#8243;][\/vc_column][\/vc_row][vc_row full_width=&#8220;stretch_row&#8220; css=&#8220;.vc_custom_1550579723828{padding-top: 7em !important;padding-bottom: 9em !important;background-image: url(http:\/\/asahi-bremen.de\/wp-content\/uploads\/2019\/02\/markus_white2.png?id=2546) !important;background-position: center !important;background-repeat: no-repeat !important;background-size: contain !important;}&#8220;][vc_column css_animation=&#8220;slideInLeft&#8220; width=&#8220;5\/12&#8243;][vc_column_text css=&#8220;.vc_custom_1550579510439{margin-bottom: 3em !important;}&#8220;][\/vc_column_text][vc_column_text] Herzlich Willkommen bei der erfolgreichsten Bremer Judoschule seit 1970. Seit \u00fcber 40 Jahren werden im JC ASAHI die Prinzipien des Judosports gelehrt und weitervermittelt.Marcus Utzat,Chef-Trainer [\/vc_column_text][\/vc_column][vc_column width=&#8220;1\/4&#8243;][\/vc_column][vc_column width=&#8220;1\/3&#8243;][vc_btn title=&#8220;News &amp; aktuelle Termine&#8220; color=&#8220;warning&#8220; link=&#8220;url:http%3A%2F%2Fasahi-bremen.de%2F%3Fpage_id%3D2613|title:News||&#8220;][vc_column_text scheme=&#8220;dark&#8220;] Ab 03. M\u00e4rz&hellip;<\/p>\n","protected":false},"author":1,"featured_media":0,"parent":0,"menu_order":0,"comment_status":"closed","ping_status":"closed","template":"","meta":{"footnotes":""},"class_list":["post-321","page","type-page","status-publish","hentry"],"_links":{"self":[{"href":"http:\/\/asahi-bremen.de\/index.php?rest_route=\/wp\/v2\/pages\/321","targetHints":{"allow":["GET"]}}],"collection":[{"href":"http:\/\/asahi-bremen.de\/index.php?rest_route=\/wp\/v2\/pages"}],"about":[{"href":"http:\/\/asahi-bremen.de\/index.php?rest_route=\/wp\/v2\/types\/page"}],"author":[{"embeddable":true,"href":"http:\/\/asahi-bremen.de\/index.php?rest_route=\/wp\/v2\/users\/1"}],"replies":[{"embeddable":true,"href":"http:\/\/asahi-bremen.de\/index.php?rest_route=%2Fwp%2Fv2%2Fcomments&post=321"}],"version-history":[{"count":46,"href":"http:\/\/asahi-bremen.de\/index.php?rest_route=\/wp\/v2\/pages\/321\/revisions"}],"predecessor-version":[{"id":2701,"href":"http:\/\/asahi-bremen.de\/index.php?rest_route=\/wp\/v2\/pages\/321\/revisions\/2701"}],"wp:attachment":[{"href":"http:\/\/asahi-bremen.de\/index.php?rest_route=%2Fwp%2Fv2%2Fmedia&parent=321"}],"curies":[{"name":"wp","href":"https:\/\/api.w.org\/{rel}","templated":true}]}}