{"id":2464,"date":"2018-12-11T14:53:05","date_gmt":"2018-12-11T14:53:05","guid":{"rendered":"http:\/\/asahi-bremen.de\/?page_id=2464"},"modified":"2019-03-19T12:24:52","modified_gmt":"2019-03-19T12:24:52","slug":"privacy-policy","status":"publish","type":"page","link":"http:\/\/asahi-bremen.de\/?page_id=2464","title":{"rendered":"Impressum \/ Datenschutzerkl\u00e4rung"},"content":{"rendered":"<p>[vc_row hide_bg_image_on_tablet=&#8220;&#8220; hide_bg_image_on_mobile=&#8220;&#8220; css=&#8220;.vc_custom_1527690588959{background-color: #f7f8f9 !important;}&#8220;][vc_column icons_position=&#8220;left&#8220;][vc_empty_space height=&#8220;4em&#8220; alter_height=&#8220;none&#8220; hide_on_mobile=&#8220;&#8220; hide_on_desktop=&#8220;&#8220; hide_on_notebook=&#8220;&#8220; hide_on_tablet=&#8220;&#8220;]<div id=\"sc_content_338669969\"\n\t\tclass=\"sc_content sc_content_default sc_float_center p70\"><div class=\"sc_content_container\">[vc_column_text]<strong>Impressum<\/strong><br \/>\nVerantwortlich f\u00fcr den Inhalt dieser Webseite:<br \/>\nMarcus Utzat<br \/>\nVarreler Feld 40<br \/>\n28816 Stuhr<\/p>\n<p>Tel: +49 172 4224064<br \/>\nE-Mail: asahichef@gmx.de<\/p>\n<p>[\/vc_column_text]<\/div><\/div><!-- \/.sc_content -->[vc_empty_space height=&#8220;4em&#8220; alter_height=&#8220;none&#8220; hide_on_mobile=&#8220;&#8220; hide_on_desktop=&#8220;&#8220; hide_on_notebook=&#8220;&#8220; hide_on_tablet=&#8220;&#8220;][\/vc_column][\/vc_row][vc_row][vc_column icons_position=&#8220;left&#8220;][vc_empty_space height=&#8220;70px&#8220; alter_height=&#8220;none&#8220; hide_on_mobile=&#8220;&#8220; hide_on_desktop=&#8220;&#8220; hide_on_notebook=&#8220;&#8220; hide_on_tablet=&#8220;&#8220;][\/vc_column][\/vc_row][vc_row hide_bg_image_on_tablet=&#8220;&#8220; hide_bg_image_on_mobile=&#8220;&#8220; css=&#8220;.vc_custom_1527690597112{background-color: #f7f8f9 !important;}&#8220;][vc_column icons_position=&#8220;left&#8220;][vc_empty_space height=&#8220;2em&#8220; alter_height=&#8220;none&#8220; hide_on_mobile=&#8220;&#8220; hide_on_desktop=&#8220;&#8220; hide_on_notebook=&#8220;&#8220; hide_on_tablet=&#8220;&#8220;]<div id=\"sc_content_1490602803\"\n\t\tclass=\"sc_content sc_content_default sc_float_center p70\"><div class=\"sc_content_container\">[vc_column_text]<\/p>\n<div id=\"fws_5c90dd8bd9a9c\" class=\"wpb_row animate_onoffset vc_row-fluid animate_onoffset row-dynamic-el standard_section \">\n<div class=\"container dark\">\n<div class=\"section_clear\">\n<div class=\"vc_col-sm-6 wpb_column column_container\" data-animation=\"\" data-delay=\"0\">\n<div class=\"wpb_wrapper\">\n<div class=\"wpb_text_column wpb_content_element wpb_animate_when_almost_visible wpb_top-to-bottom top-to-bottom wpb_start_animation animated\">\n<div class=\"wpb_wrapper\">\n<p><strong>1. Haftungsbeschr\u00e4nkung<\/strong><\/p>\n<p>Die Webseite wurde mit gr\u00f6\u00dftm\u00f6glicher Sorgfalt erstellt. Der Anbieter dieser Webseite \u00fcbernimmt dennoch keine Gew\u00e4hr f\u00fcr die Richtigkeit, Vollst\u00e4ndigkeit und Aktualit\u00e4t der bereitgestellten Inhalte und Informationen. Die Nutzung der Webseiteninhalte erfolgt auf eigene Gefahr. Allein durch die Nutzung der Website kommt keinerlei Vertragsverh\u00e4ltnis zwischen dem Nutzer und dem Anbieter zustande.<\/p>\n<\/div>\n<\/div>\n<\/div>\n<\/div>\n<div class=\"vc_col-sm-6 wpb_column column_container\" data-animation=\"\" data-delay=\"0\">\n<div class=\"wpb_wrapper\">\n<div class=\"wpb_text_column wpb_content_element wpb_animate_when_almost_visible wpb_top-to-bottom top-to-bottom wpb_start_animation animated\">\n<div class=\"wpb_wrapper\">\n<p><strong>2. Verlinkungen<\/strong><\/p>\n<p>Die Webseite enth\u00e4lt Verlinkungen zu anderen Webseiten (\u201eexterne Links\u201c). Diese Webseiten unterliegen der Haftung der jeweiligen Seitenbetreiber. Bei Verkn\u00fcpfung der externen Links waren keine Rechtsverst\u00f6\u00dfe ersichtlich. Auf die aktuelle und k\u00fcnftige Gestaltung der verlinkten Seiten hat der Anbieter keinen Einfluss. Die permanente \u00dcberpr\u00fcfung der externen Links ist f\u00fcr den Anbieter ohne konkrete Hinweise auf Rechtsverst\u00f6\u00dfe nicht zumutbar. Bei Bekanntwerden von Rechtsverst\u00f6\u00dfen werden die betroffenen externen Links unverz\u00fcglich gel\u00f6scht.<\/p>\n<\/div>\n<\/div>\n<\/div>\n<\/div>\n<\/div>\n<\/div>\n<\/div>\n<div id=\"fws_5c90dd8bf2135\" class=\"wpb_row animate_onoffset vc_row-fluid animate_onoffset row-dynamic-el standard_section \">\n<div class=\"container dark\">\n<div class=\"section_clear\">\n<div class=\"vc_col-sm-6 wpb_column column_container\" data-animation=\"\" data-delay=\"0\">\n<div class=\"wpb_wrapper\">\n<div class=\"wpb_text_column wpb_content_element wpb_animate_when_almost_visible wpb_top-to-bottom top-to-bottom wpb_start_animation animated\">\n<div class=\"wpb_wrapper\">\n<p><strong>3. Urheberrecht \/ Leistungsschutzrecht<\/strong><\/p>\n<p>Die auf dieser Webseite durch den Anbieter ver\u00f6ffentlichten Inhalte unterliegen dem deutschen Urheberrecht und Leistungsschutzrecht. Alle vom deutschen Urheber- und Leistungsschutzrecht nicht zugelassene Verwertung bedarf der vorherigen schriftlichen Zustimmung des Anbieters oder jeweiligen Rechteinhabers. Dies gilt vor allem f\u00fcr Vervielf\u00e4ltigung, Bearbeitung, \u00dcbersetzung, Einspeicherung, Verarbeitung bzw. Wiedergabe von Inhalten in Datenbanken oder anderen elektronischen Medien und Systemen. Dabei sind Inhalte und Rechte Dritter als solche gekennzeichnet. Das unerlaubte Kopieren der Webseiteninhalte oder der kompletten Webseite ist nicht gestattet und strafbar. Lediglich die Herstellung von Kopien und Downloads f\u00fcr den pers\u00f6nlichen, privaten und nicht kommerziellen Gebrauch ist erlaubt.<\/p>\n<p>Diese Website darf ohne schriftliche Erlaubnis nicht durch Dritte in Frames oder iFrames dargestellt werden.<\/p>\n<\/div>\n<\/div>\n<\/div>\n<\/div>\n<div class=\"vc_col-sm-6 wpb_column column_container\" data-animation=\"\" data-delay=\"0\">\n<div class=\"wpb_wrapper\">\n<div class=\"wpb_text_column wpb_content_element wpb_animate_when_almost_visible wpb_top-to-bottom top-to-bottom wpb_start_animation animated\">\n<div class=\"wpb_wrapper\">\n<p>Quelle: <a href=\"http:\/\/www.fachanwalt.de\/\">www.fachanwalt.de<\/a><\/p>\n<\/div>\n<\/div>\n<\/div>\n<\/div>\n<\/div>\n<\/div>\n<\/div>\n<p>[\/vc_column_text]<\/div><\/div><!-- \/.sc_content -->[vc_empty_space height=&#8220;4em&#8220; alter_height=&#8220;none&#8220; hide_on_mobile=&#8220;&#8220; hide_on_desktop=&#8220;&#8220; hide_on_notebook=&#8220;&#8220; hide_on_tablet=&#8220;&#8220;][\/vc_column][\/vc_row][vc_row hide_bg_image_on_tablet=&#8220;&#8220; hide_bg_image_on_mobile=&#8220;&#8220; css=&#8220;.vc_custom_1527690601612{background-color: #f7f8f9 !important;}&#8220;][vc_column icons_position=&#8220;left&#8220;][vc_empty_space height=&#8220;2em&#8220; alter_height=&#8220;none&#8220; hide_on_mobile=&#8220;&#8220; hide_on_desktop=&#8220;&#8220; hide_on_notebook=&#8220;&#8220; hide_on_tablet=&#8220;&#8220;]<div id=\"sc_content_136903952\"\n\t\tclass=\"sc_content sc_content_default sc_float_center p70\"><div class=\"sc_content_container\">[vc_column_text]<strong>Datenschutzerkl\u00e4rung<br \/>\n<\/strong><\/p>\n<section id=\"content\" class=\"composer_content\">\n<div id=\"blog\" class=\"container \">\n<div class=\"row\">\n<div class=\"span12\">\n<p>Auf unserer Internetseite k\u00f6nnen Sie auf der Seite \u201eKontakt\u201c Ihre personenbezogenen Daten eingeben. Diese Daten werden nur zur Bearbeitung und Dokumentation Ihrer Anfrage gespeichert. Diese Daten werden nur weitergegeben, wenn dies zur Bearbeitung Ihrer Anfrage erforderlich ist. Zu Werbezwecken werden diese Daten nicht an Dritte weitergegeben.<\/p>\n<p>Zus\u00e4tzlich werden von unserem Internetserviceprovider bei Ihrem Besuch in sogenannten Logfiles Daten gesammelt. Dabei erhalten wir den Namen Ihres Internetserviceproviders, Ihre IP-Adresse, die Internetseite, von der Sie auf unsere Internetseite gekommen sind, die Internetseiten, die Sie bei uns besuchen und Datum, Uhrzeit und Dauer Ihres Besuches. Diese Daten dienen nur statistischen Zwecken. Ein Personenbezug wird von uns nicht hergestellt.<\/p>\n<p>Wir verwenden Cookies, mit denen w\u00e4hrend Ihres Besuches auf unserer Internetseite Daten auf Ihrem Rechner gespeichert werden. Dort werden Daten gespeichert, die die Anzeige der Internetseite optimieren und Ihnen das Surfen angenehmer machen. Die Daten werden von uns nicht ausgewertet. Vor derartigen Cookies k\u00f6nnen Sie sich auch durch entsprechende Einstellungen in Ihrem Internetbrowser sch\u00fctzen.<\/p>\n<p><strong>Rechtsgrundlagen<\/strong><\/p>\n<p>Rechtsgrundlage f\u00fcr die Datenverarbeitung auf dieser Internetseite ist die EU-Datenschutz-Grundverordnung. Die Daten werden nur so lange gespeichert, wie dies f\u00fcr die oben genannten Zwecke erforderlich ist.<\/p>\n<p>Entsprechend dem geltenden Datenschutzrecht teilen wir Ihnen auf Anfrage gerne mit, ob und welche pers\u00f6nlichen Daten wir \u00fcber Sie bei uns gespeichert haben.<\/p>\n<\/div>\n<\/div>\n<\/div>\n<\/section>\n<p><strong>\u00a0Anfragen richten Sie bitte an die o.g. Anschrift.<br \/>\n<\/strong>[\/vc_column_text]<\/div><\/div><!-- \/.sc_content -->[vc_empty_space height=&#8220;4em&#8220; alter_height=&#8220;none&#8220; hide_on_mobile=&#8220;&#8220; hide_on_desktop=&#8220;&#8220; hide_on_notebook=&#8220;&#8220; hide_on_tablet=&#8220;&#8220;][\/vc_column][\/vc_row]<\/p>\n","protected":false},"excerpt":{"rendered":"<p>[vc_row hide_bg_image_on_tablet=&#8220;&#8220; hide_bg_image_on_mobile=&#8220;&#8220; css=&#8220;.vc_custom_1527690588959{background-color: #f7f8f9 !important;}&#8220;][vc_column icons_position=&#8220;left&#8220;][vc_empty_space height=&#8220;4em&#8220; alter_height=&#8220;none&#8220; hide_on_mobile=&#8220;&#8220; hide_on_desktop=&#8220;&#8220; hide_on_notebook=&#8220;&#8220; hide_on_tablet=&#8220;&#8220;][vc_empty_space height=&#8220;4em&#8220; alter_height=&#8220;none&#8220; hide_on_mobile=&#8220;&#8220; hide_on_desktop=&#8220;&#8220; hide_on_notebook=&#8220;&#8220; hide_on_tablet=&#8220;&#8220;][\/vc_column][\/vc_row][vc_row][vc_column icons_position=&#8220;left&#8220;][vc_empty_space height=&#8220;70px&#8220; alter_height=&#8220;none&#8220; hide_on_mobile=&#8220;&#8220; hide_on_desktop=&#8220;&#8220; hide_on_notebook=&#8220;&#8220; hide_on_tablet=&#8220;&#8220;][\/vc_column][\/vc_row][vc_row hide_bg_image_on_tablet=&#8220;&#8220; hide_bg_image_on_mobile=&#8220;&#8220; css=&#8220;.vc_custom_1527690597112{background-color: #f7f8f9 !important;}&#8220;][vc_column icons_position=&#8220;left&#8220;][vc_empty_space height=&#8220;2em&#8220; alter_height=&#8220;none&#8220; hide_on_mobile=&#8220;&#8220; hide_on_desktop=&#8220;&#8220; hide_on_notebook=&#8220;&#8220; hide_on_tablet=&#8220;&#8220;][vc_empty_space height=&#8220;4em&#8220; alter_height=&#8220;none&#8220; hide_on_mobile=&#8220;&#8220; hide_on_desktop=&#8220;&#8220; hide_on_notebook=&#8220;&#8220; hide_on_tablet=&#8220;&#8220;][\/vc_column][\/vc_row][vc_row hide_bg_image_on_tablet=&#8220;&#8220; hide_bg_image_on_mobile=&#8220;&#8220; css=&#8220;.vc_custom_1527690601612{background-color: #f7f8f9 !important;}&#8220;][vc_column icons_position=&#8220;left&#8220;][vc_empty_space height=&#8220;2em&#8220; alter_height=&#8220;none&#8220; hide_on_mobile=&#8220;&#8220; hide_on_desktop=&#8220;&#8220; hide_on_notebook=&#8220;&#8220; hide_on_tablet=&#8220;&#8220;][vc_empty_space height=&#8220;4em&#8220; alter_height=&#8220;none&#8220; hide_on_mobile=&#8220;&#8220; hide_on_desktop=&#8220;&#8220;&hellip;<\/p>\n","protected":false},"author":1,"featured_media":0,"parent":0,"menu_order":0,"comment_status":"closed","ping_status":"closed","template":"","meta":{"footnotes":""},"class_list":["post-2464","page","type-page","status-publish","hentry"],"_links":{"self":[{"href":"http:\/\/asahi-bremen.de\/index.php?rest_route=\/wp\/v2\/pages\/2464","targetHints":{"allow":["GET"]}}],"collection":[{"href":"http:\/\/asahi-bremen.de\/index.php?rest_route=\/wp\/v2\/pages"}],"about":[{"href":"http:\/\/asahi-bremen.de\/index.php?rest_route=\/wp\/v2\/types\/page"}],"author":[{"embeddable":true,"href":"http:\/\/asahi-bremen.de\/index.php?rest_route=\/wp\/v2\/users\/1"}],"replies":[{"embeddable":true,"href":"http:\/\/asahi-bremen.de\/index.php?rest_route=%2Fwp%2Fv2%2Fcomments&post=2464"}],"version-history":[{"count":5,"href":"http:\/\/asahi-bremen.de\/index.php?rest_route=\/wp\/v2\/pages\/2464\/revisions"}],"predecessor-version":[{"id":2646,"href":"http:\/\/asahi-bremen.de\/index.php?rest_route=\/wp\/v2\/pages\/2464\/revisions\/2646"}],"wp:attachment":[{"href":"http:\/\/asahi-bremen.de\/index.php?rest_route=%2Fwp%2Fv2%2Fmedia&parent=2464"}],"curies":[{"name":"wp","href":"https:\/\/api.w.org\/{rel}","templated":true}]}}

Impressum / Datenschutzerklärung

<p>[vc_row hide_bg_image_on_tablet=&#8220;&#8220; hide_bg_image_on_mobile=&#8220;&#8220; css=&#8220;.vc_custom_1527690588959{background-color: #f7f8f9 !important;}&#8220;][vc_column icons_position=&#8220;left&#8220;][vc_empty_space height=&#8220;4em&#8220; alter_height=&#8220;none&#8220; hide_on_mobile=&#8220;&#8220; hide_on_desktop=&#8220;&#8220; hide_on_notebook=&#8220;&#8220; hide_on_tablet=&#8220;&#8220;]<div id="sc_content_338669969"
		class="sc_content sc_content_default sc_float_center p70"><div class="sc_content_container">[vc_column_text]<strong>Impressum</strong><br />
Verantwortlich für den Inhalt dieser Webseite:<br />
Marcus Utzat<br />
Varreler Feld 40<br />
28816 Stuhr</p>
<p>Tel: +49 172 4224064<br />
E-Mail: asahichef@gmx.de</p>
<p>[/vc_column_text]</div></div><!-- /.sc_content -->[vc_empty_space height=&#8220;4em&#8220; alter_height=&#8220;none&#8220; hide_on_mobile=&#8220;&#8220; hide_on_desktop=&#8220;&#8220; hide_on_notebook=&#8220;&#8220; hide_on_tablet=&#8220;&#8220;][/vc_column][/vc_row][vc_row][vc_column icons_position=&#8220;left&#8220;][vc_empty_space height=&#8220;70px&#8220; alter_height=&#8220;none&#8220; hide_on_mobile=&#8220;&#8220; hide_on_desktop=&#8220;&#8220; hide_on_notebook=&#8220;&#8220; hide_on_tablet=&#8220;&#8220;][/vc_column][/vc_row][vc_row hide_bg_image_on_tablet=&#8220;&#8220; hide_bg_image_on_mobile=&#8220;&#8220; css=&#8220;.vc_custom_1527690597112{background-color: #f7f8f9 !important;}&#8220;][vc_column icons_position=&#8220;left&#8220;][vc_empty_space height=&#8220;2em&#8220; alter_height=&#8220;none&#8220; hide_on_mobile=&#8220;&#8220; hide_on_desktop=&#8220;&#8220; hide_on_notebook=&#8220;&#8220; hide_on_tablet=&#8220;&#8220;]<div id="sc_content_1490602803"
		class="sc_content sc_content_default sc_float_center p70"><div class="sc_content_container">[vc_column_text]</p>
<div id="fws_5c90dd8bd9a9c" class="wpb_row animate_onoffset vc_row-fluid animate_onoffset row-dynamic-el standard_section ">
<div class="container dark">
<div class="section_clear">
<div class="vc_col-sm-6 wpb_column column_container" data-animation="" data-delay="0">
<div class="wpb_wrapper">
<div class="wpb_text_column wpb_content_element wpb_animate_when_almost_visible wpb_top-to-bottom top-to-bottom wpb_start_animation animated">
<div class="wpb_wrapper">
<p><strong>1. Haftungsbeschränkung</strong></p>
<p>Die Webseite wurde mit größtmöglicher Sorgfalt erstellt. Der Anbieter dieser Webseite übernimmt dennoch keine Gewähr für die Richtigkeit, Vollständigkeit und Aktualität der bereitgestellten Inhalte und Informationen. Die Nutzung der Webseiteninhalte erfolgt auf eigene Gefahr. Allein durch die Nutzung der Website kommt keinerlei Vertragsverhältnis zwischen dem Nutzer und dem Anbieter zustande.</p>
</div>
</div>
</div>
</div>
<div class="vc_col-sm-6 wpb_column column_container" data-animation="" data-delay="0">
<div class="wpb_wrapper">
<div class="wpb_text_column wpb_content_element wpb_animate_when_almost_visible wpb_top-to-bottom top-to-bottom wpb_start_animation animated">
<div class="wpb_wrapper">
<p><strong>2. Verlinkungen</strong></p>
<p>Die Webseite enthält Verlinkungen zu anderen Webseiten („externe Links“). Diese Webseiten unterliegen der Haftung der jeweiligen Seitenbetreiber. Bei Verknüpfung der externen Links waren keine Rechtsverstöße ersichtlich. Auf die aktuelle und künftige Gestaltung der verlinkten Seiten hat der Anbieter keinen Einfluss. Die permanente Überprüfung der externen Links ist für den Anbieter ohne konkrete Hinweise auf Rechtsverstöße nicht zumutbar. Bei Bekanntwerden von Rechtsverstößen werden die betroffenen externen Links unverzüglich gelöscht.</p>
</div>
</div>
</div>
</div>
</div>
</div>
</div>
<div id="fws_5c90dd8bf2135" class="wpb_row animate_onoffset vc_row-fluid animate_onoffset row-dynamic-el standard_section ">
<div class="container dark">
<div class="section_clear">
<div class="vc_col-sm-6 wpb_column column_container" data-animation="" data-delay="0">
<div class="wpb_wrapper">
<div class="wpb_text_column wpb_content_element wpb_animate_when_almost_visible wpb_top-to-bottom top-to-bottom wpb_start_animation animated">
<div class="wpb_wrapper">
<p><strong>3. Urheberrecht / Leistungsschutzrecht</strong></p>
<p>Die auf dieser Webseite durch den Anbieter veröffentlichten Inhalte unterliegen dem deutschen Urheberrecht und Leistungsschutzrecht. Alle vom deutschen Urheber- und Leistungsschutzrecht nicht zugelassene Verwertung bedarf der vorherigen schriftlichen Zustimmung des Anbieters oder jeweiligen Rechteinhabers. Dies gilt vor allem für Vervielfältigung, Bearbeitung, Übersetzung, Einspeicherung, Verarbeitung bzw. Wiedergabe von Inhalten in Datenbanken oder anderen elektronischen Medien und Systemen. Dabei sind Inhalte und Rechte Dritter als solche gekennzeichnet. Das unerlaubte Kopieren der Webseiteninhalte oder der kompletten Webseite ist nicht gestattet und strafbar. Lediglich die Herstellung von Kopien und Downloads für den persönlichen, privaten und nicht kommerziellen Gebrauch ist erlaubt.</p>
<p>Diese Website darf ohne schriftliche Erlaubnis nicht durch Dritte in Frames oder iFrames dargestellt werden.</p>
</div>
</div>
</div>
</div>
<div class="vc_col-sm-6 wpb_column column_container" data-animation="" data-delay="0">
<div class="wpb_wrapper">
<div class="wpb_text_column wpb_content_element wpb_animate_when_almost_visible wpb_top-to-bottom top-to-bottom wpb_start_animation animated">
<div class="wpb_wrapper">
<p>Quelle: <a href="http://www.fachanwalt.de/">www.fachanwalt.de</a></p>
</div>
</div>
</div>
</div>
</div>
</div>
</div>
<p>[/vc_column_text]</div></div><!-- /.sc_content -->[vc_empty_space height=&#8220;4em&#8220; alter_height=&#8220;none&#8220; hide_on_mobile=&#8220;&#8220; hide_on_desktop=&#8220;&#8220; hide_on_notebook=&#8220;&#8220; hide_on_tablet=&#8220;&#8220;][/vc_column][/vc_row][vc_row hide_bg_image_on_tablet=&#8220;&#8220; hide_bg_image_on_mobile=&#8220;&#8220; css=&#8220;.vc_custom_1527690601612{background-color: #f7f8f9 !important;}&#8220;][vc_column icons_position=&#8220;left&#8220;][vc_empty_space height=&#8220;2em&#8220; alter_height=&#8220;none&#8220; hide_on_mobile=&#8220;&#8220; hide_on_desktop=&#8220;&#8220; hide_on_notebook=&#8220;&#8220; hide_on_tablet=&#8220;&#8220;]<div id="sc_content_136903952"
		class="sc_content sc_content_default sc_float_center p70"><div class="sc_content_container">[vc_column_text]<strong>Datenschutzerklärung<br />
</strong></p>
<section id="content" class="composer_content">
<div id="blog" class="container ">
<div class="row">
<div class="span12">
<p>Auf unserer Internetseite können Sie auf der Seite „Kontakt“ Ihre personenbezogenen Daten eingeben. Diese Daten werden nur zur Bearbeitung und Dokumentation Ihrer Anfrage gespeichert. Diese Daten werden nur weitergegeben, wenn dies zur Bearbeitung Ihrer Anfrage erforderlich ist. Zu Werbezwecken werden diese Daten nicht an Dritte weitergegeben.</p>
<p>Zusätzlich werden von unserem Internetserviceprovider bei Ihrem Besuch in sogenannten Logfiles Daten gesammelt. Dabei erhalten wir den Namen Ihres Internetserviceproviders, Ihre IP-Adresse, die Internetseite, von der Sie auf unsere Internetseite gekommen sind, die Internetseiten, die Sie bei uns besuchen und Datum, Uhrzeit und Dauer Ihres Besuches. Diese Daten dienen nur statistischen Zwecken. Ein Personenbezug wird von uns nicht hergestellt.</p>
<p>Wir verwenden Cookies, mit denen während Ihres Besuches auf unserer Internetseite Daten auf Ihrem Rechner gespeichert werden. Dort werden Daten gespeichert, die die Anzeige der Internetseite optimieren und Ihnen das Surfen angenehmer machen. Die Daten werden von uns nicht ausgewertet. Vor derartigen Cookies können Sie sich auch durch entsprechende Einstellungen in Ihrem Internetbrowser schützen.</p>
<p><strong>Rechtsgrundlagen</strong></p>
<p>Rechtsgrundlage für die Datenverarbeitung auf dieser Internetseite ist die EU-Datenschutz-Grundverordnung. Die Daten werden nur so lange gespeichert, wie dies für die oben genannten Zwecke erforderlich ist.</p>
<p>Entsprechend dem geltenden Datenschutzrecht teilen wir Ihnen auf Anfrage gerne mit, ob und welche persönlichen Daten wir über Sie bei uns gespeichert haben.</p>
</div>
</div>
</div>
</section>
<p><strong> Anfragen richten Sie bitte an die o.g. Anschrift.<br />
</strong>[/vc_column_text]</div></div><!-- /.sc_content -->[vc_empty_space height=&#8220;4em&#8220; alter_height=&#8220;none&#8220; hide_on_mobile=&#8220;&#8220; hide_on_desktop=&#8220;&#8220; hide_on_notebook=&#8220;&#8220; hide_on_tablet=&#8220;&#8220;][/vc_column][/vc_row]</p>
